54399?
67, 3797
What are the prime factors of 956660?
2, 5, 31, 1543
List the prime factors of 198594.
2, 3, 11, 17, 59
List the prime factors of 649586.
2, 7, 46399
List the prime factors of 128831.
128831
What are the prime factors of 413727?
3, 137909
What are the prime factors of 545839?
7, 77977
List the prime factors of 211950.
2, 3, 5, 157
What are the prime factors of 184183?
67, 2749
What are the prime factors of 18884502?
2, 3, 7, 13, 61
List the prime factors of 10226602.
2, 337, 15173
What are the prime factors of 20075826?
2, 3, 23, 145477
List the prime factors of 8063373.
3, 37, 72643
What are the prime factors of 21780654?
2, 3, 7, 518587
List the prime factors of 4648413.
3, 7, 11, 20123
List the prime factors of 4652767.
7, 101, 6581
List the prime factors of 1305828.
2, 3, 107, 113
List the prime factors of 917569.
31, 29599
What are the prime factors of 8464?
2, 23
What are the prime factors of 1379479?
59, 103, 227
List the prime factors of 2133733.
7, 23, 29, 457
List the prime factors of 6118889.
7, 874127
List the prime factors of 4198145.
5, 7, 19, 59, 107
What are the prime factors of 106178?
2, 53089
List the prime factors of 10611633.
3, 19, 83, 2243
What are the prime factors of 5276285?
5, 7, 233, 647
What are the prime factors of 464320?
2, 5, 1451
List the prime factors of 33594810.
2, 3, 5, 641, 1747
What are the prime factors of 1115961?
3, 7, 11, 4831
List the prime factors of 67214.
2, 7, 4801
List the prime factors of 171333.
3, 19037
What are the prime factors of 74996?
2, 18749
List the prime factors of 10097066.
2, 7, 721219
List the prime factors of 2634804.
2, 3, 73189
List the prime factors of 775030.
2, 5, 17, 47, 97
List the prime factors of 1654130.
2, 5, 53, 3121
What are the prime factors of 336326?
2, 337, 499
What are the prime factors of 24042206?
2, 179, 67157
What are the prime factors of 522372?
2, 3, 101, 431
List the prime factors of 124377.
3, 11, 3769
List the prime factors of 393870.
2, 3, 5, 19, 691
List the prime factors of 1136626.
2, 29, 19597
List the prime factors of 1204623.
3, 7, 19121
What are the prime factors of 407750?
2, 5, 7, 233
What are the prime factors of 19977294?
2, 3, 23, 144763
What are the prime factors of 2388358?
2, 7, 24371
What are the prime factors of 11409803?
11409803
List the prime factors of 16801532.
2, 11, 381853
What are the prime factors of 3460455?
3, 5, 25633
List the prime factors of 312316.
2, 78079
List the prime factors of 147246.
2, 3, 11, 23, 97
What are the prime factors of 4982004?
2, 3, 138389
List the prime factors of 263327.
23, 107
What are the prime factors of 3166122?
2, 3, 19, 27773
What are the prime factors of 4743586?
2, 431, 5503
What are the prime factors of 280406?
2, 7, 20029
List the prime factors of 5613644.
2, 1403411
List the prime factors of 2518291.
2518291
List the prime factors of 13454736.
2, 3, 19, 14753
What are the prime factors of 3412086?
2, 3, 277, 2053
What are the prime factors of 13870894?
2, 1129, 6143
List the prime factors of 7124959.
131, 137, 397
List the prime factors of 324070.
2, 5, 23, 1409
List the prime factors of 14064892.
2, 59, 61, 977
What are the prime factors of 3797809?
3797809
List the prime factors of 14863424.
2, 71, 3271
What are the prime factors of 271681?
19, 79, 181
What are the prime factors of 179417?
7, 19, 71
What are the prime factors of 9621447?
3, 11, 291559
What are the prime factors of 141707?
141707
What are the prime factors of 171305?
5, 34261
List the prime factors of 17441830.
2, 5, 7, 17, 14657
What are the prime factors of 36468?
2, 3, 1013
List the prime factors of 14681596.
2, 509, 7211
What are the prime factors of 155006?
2, 17, 47, 97
List the prime factors of 246578.
2, 123289
List the prime factors of 221722.
2, 59, 1879
List the prime factors of 356025.
3, 5, 47, 101
List the prime factors of 709396.
2, 67, 2647
List the prime factors of 246317.
246317
What are the prime factors of 5522259?
3, 313, 5881
What are the prime factors of 3753055?
5, 641, 1171
List the prime factors of 32454249.
3, 1789, 6047
List the prime factors of 1318858.
2, 101, 6529
List the prime factors of 292872.
2, 3, 12203
List the prime factors of 231959.
7, 13, 2549
What are the prime factors of 88791?
3, 17, 1741
What are the prime factors of 694322?
2, 347161
What are the prime factors of 1986837?
3, 181, 3659
List the prime factors of 4668368.
2, 283, 1031
What are the prime factors of 104125?
5, 7, 17
List the prime factors of 4187813.
7, 43, 13913
List the prime factors of 296927.
263, 1129
List the prime factors of 1347622.
2, 673811
What are the prime factors of 1674874?
2, 17, 49261
List the prime factors of 629502.
2, 3, 104917
List the prime factors of 131950.
2, 5, 7, 13, 29
What are the prime factors of 156410?
2, 5, 15641
What are the prime factors of 81470?
2, 5, 8147
What are the prime factors of 212963?
173, 1231
List the prime factors of 224971.
367, 613
What are the prime factors of 314322?
2, 3, 52387
What are the prime factors of 202854?
2, 3, 33809
What are the prime factors of 15660949?
15660949
List the prime factors of 18935066.
2, 1109, 8537
List the prime factors of 219275.
5, 7, 179
What are the prime factors of 254535?
3, 5, 71, 239
What are the prime factors of 3300710?
2, 5, 7, 61, 773
What are the prime factors of 129066?
2, 3, 7, 439
List the prime factors of 1821172.
2, 109, 4177
What are the prime factors of 33677428?
2, 23, 43, 8513
List the prime factors of 25031284.
2, 19, 373, 883
What are the prime factors of 280648?
2, 35081
List the prime factors of 344335.
5, 17, 4051
What are the prime factors of 11052924?
2, 3, 17, 54181
List the prime factors of 422766.
2, 3, 7829
What are the prime factors of 74978?
2, 37489
What are the prime factors of 7163756?
2, 1790939
List the prime factors of 3689323.
11, 17, 109, 181
What are the prime factors of 5528945?
5, 127, 8707
What are the prime factors of 17720203?
167, 106109
What are the prime factors of 568056?
2, 3, 23669
What are the prime factors of 2244673?
47, 163, 293
What are the prime factors of 4058889?
3, 1352963
What are the prime factors of 5978267?
5978267
List the prime factors of 14582553.
3, 73, 66587
List the prime factors of 22746740.
2, 5, 1137337
List the prime factors of 2417962.
2, 29, 47, 887
What are the prime factors of 414582?
2, 3, 7, 9871
List the prime factors of 2228469.
3, 127, 5849
List the prime factors of 5195215.
5, 1039043
What are the prime factors of 14026142?
2, 13, 19, 28393
List the prime factors of 453995.
5, 29, 31, 101
List the prime factors of 356892.
2, 3, 29741
List the prime factors of 4786105.
5, 957221
What are the prime factors of 442495?
5, 88499
List the prime factors of 32886.
2, 3, 7, 29
List the prime factors of 1570384.
2, 61, 1609
What are the prime factors of 306986?
2, 17, 9029
What are the prime factors of 822927?
3, 7, 149, 263
List the prime factors of 1947490.
2, 5, 194749
What are the prime factors of 111628?
2, 11, 43, 59
List the prime factors of 10742649.
3, 47, 61, 1249
List the prime factors of 256903.
256903
List the prime factors of 2465614.
2, 103, 11969
What are the prime factors of 575551?
575551
What are the prime factors of 14459084?
2, 359, 10069
List the prime factors of 19016928.
2, 3, 7, 9433
List the prime factors of 11982990.
2, 3, 5, 399433
List the prime factors of 2127552.
2, 3, 7, 1583
What are the prime factors of 146697?
3, 107, 457
What are the prime factors of 2460911?
29, 84859
What are the prime factors of 569006?
2, 293, 971
What are the prime factors of 8681272?
2, 1085159
List the prime factors of 162979.
17, 9587
List the prime factors of 150466.
2, 23, 3271
What are the prime factors of 2808910?
2, 5, 13, 17, 31, 41
What are the prime factors of 18415?
5, 29, 127
What are the prime factors of 571256?
2, 7, 101
List the prime factors of 691430.
2, 5, 69143
List the prime factors of 29114051.
29114051
What are the prime factors of 586972?
2, 146743
What are the prime factors of 193835?
5, 38767
List the prime factors of 134847.
3, 14983
List the prime factors of 132449.
19, 6971
What are the prime factors of 831719?
7, 131, 907
What are the prime factors of 13927085?
5, 41, 1657
What are the prime factors